4 = -3*c. Let q = c + 97. What is the remainder when q is divided by 1/(-2) - (-31)/2?
13
Suppose -7 = 2*j - 95. Let y be -1 - 119/2*-2. What is the remainder when j is divided by 10/40 + y/8?
14
Let t be 14 - (1 + -2)*-1. Suppose 2 = -l + t. Calculate the remainder when -1 - -1 - (-21 + 1) is divided by l.
9
Let v be (3/(-4))/(9/576). Let s = -6 - v. What is the remainder when s is divided by (-1 - -3) + 9 - 0?
9
Calculate the remainder when 8 is divided by ((-4)/4)/((-2)/6).
2
Suppose 0 = -4*t - p - 51, 2*t + 3*p + 20 = -3. Suppose 5*b - 6*b = 5*m - 43, 0 = 4*m - 3*b - 23. Calculate the remainder when 591/39 + 2/t is divided by m.
7
Suppose -270 = 6*r - 3*r. Calculate the remainder when 28 is divided by 1/(3/r*-2).
13
Let h = -143 + 206. Calculate the remainder when h is divided by 33.
30
Suppose 2*p - 6*p = -3*j - 17, 3*j - 31 = -2*p. Calculate the remainder when p is divided by 6.
2
Let m(n) = -42*n. Calculate the remainder when m(-1) is divided by 22.
20
Suppose 1332 = 3*j + 3*j. What is the remainder when j/5 + (-6)/15 is divided by 15?
14
Suppose -5*y + y + 8 = 0. Suppose y*g + 4 + 0 = 0. Let l(i) = 6*i**2 + 2*i + 2. What is the remainder when 65 is divided by l(g)?
21
Suppose -3*h + 40 = -5*j, -3*h = h + 4*j. Calculate the remainder when 38 is divided by (-4 - -7) + h/1.
6
Suppose -4*n + 15 = -k + 5, n - k = 1. What is the remainder when 10 is divided by n?
1
Let d = 51 + 42. Calculate the remainder when d is divided by 24.
21
Let n be (0 + 0)*5/10. Suppose 0 = l - n*l - 3. Calculate the remainder when 5 is divided by l.
2
Suppose -4*y + 4 = 4*c, 2*c - c - 2*y = 1. Calculate the remainder when 1 is divided by c.
0
Suppose -5*z + n - 86 = -268, 4*n - 197 = -5*z. Calculate the remainder when 109 is divided by z.
35
Let x(b) = -b + 14. Let l be x(11). Let z(h) = 2*h + 1. What is the remainder when z(l) is divided by 4?
3
Let f = -2 + -4. Let u(j) = -1 + 0 + 0 - 1 - 6*j. Calculate the remainder when u(f) is divided by 12.
10
Suppose 4*z - i - 231 = 0, 0 = i - 4*i + 15. Let n(w) = -25*w - 20. Calculate the remainder when z is divided by n(-2).
29
Let g(p) = -p - 2. Suppose -6 = w - 3*w. Suppose w*z = -2*z + 40. What is the remainder when z is divided by g(-5)?
2
Let p = 228 - 152. Suppose 4*g + 26 = 5*g. What is the remainder when p is divided by g?
24
Let k = 45 - 26. What is the remainder when k is divided by 1/(-2)*(1 + -21)?
9
Suppose -2*f + 41 + 93 = 0. Calculate the remainder when f is divided by 18.
13
Let q(s) = -2*s + 16. What is the remainder when 18 is divided by q(6)?
2
Suppose 3*b + 4 = 1. Let y = 4 + b. What is the remainder when 4/(28/17) + (-4)/(-7) is divided by y?
0
Let n = -2 - -6. Suppose -3*q + n*m + 0 - 7 = 0, 0 = 2*m - 8. Calculate the remainder when q is divided by 2.
1
Suppose 0*b - 2*b = -8. Suppose -x + b*x - 30 = 0. What is the remainder when 17 is divided by x?
7
What is the remainder when 79 is divided by ((-16)/2)/(2/(-5))?
19
Suppose d = -2*d. Suppose d = 5*u - u - 320. Suppose -o + u = 3*o. What is the remainder when o is divided by 11?
9
Let l(n) = 4*n**3 - 2. Let k be l(-2). Let t = 3 - k. What is the remainder when t is divided by (-28)/(-126) + 230/18?
11
Suppose 3*o - 2*l + 5 + 3 = 0, -2*l = -5*o - 8. Let d(n) = -4*n**2 + 7*n + 3*n**2 + o*n**2 + 2. Calculate the remainder when 22 is divided by d(5).
10
Suppose 0 = -3*r + 131 + 163. Calculate the remainder when r is divided by 25.
23
Let r = 38 - 27. What is the remainder when r is divided by 7?
4
Suppose 4*r + 2*s - 48 = 0, 2*s = -0*r + 4*r - 32. What is the remainder when 19 is divided by r?
9
Let a = -11 - -18. Suppose -67 = -5*n - 0*r - 2*r, 3*n - 40 = -r. Suppose 1 = 3*q + n, -q = y + 1. What is the remainder when a is divided by y?
1
Calculate the remainder when 93 is divided by 1/((-1)/(-18))*(-16)/(-12).
21
Let j(t) = -t**3 + 20*t**2 + 23*t - 35. Suppose -n - 4*n = 2*p - 139, 2*n - 64 = -5*p. What is the remainder when n is divided by j(21)?
6
Suppose 5*z - 44 = z. What is the remainder when z is divided by 6?
5
Suppose -238 + 122 = -2*d. What is the remainder when d is divided by 24?
10
Let x = -101 + 169. Calculate the remainder when x is divided by 18.
14
Let q(d) = -d**3 + 7*d**2 + 11*d - 2. Calculate the remainder when q(8) is divided by 12.
10
Let q = 7 + -1. Let w(y) = 0*y + 1 + 4 - 3*y + y**2. What is the remainder when w(q) is divided by 12?
11
Let u(q) = 15*q + 1. Suppose -a = -0*a. Suppose -w + 3*h + 30 = 4*h, 3*h = a. Calculate the remainder when w is divided by u(1).
14
Calculate the remainder when 76/3 + (-14)/42 is divided by 14.
11
Calculate the remainder when 67 is divided by -4 - (-3 + 0)*7.
16
Suppose 0*y - 4*a + 12 = 2*y, 2*a = 2*y. What is the remainder when (1/y)/((-2)/(-256)) is divided by 22?
20
Let y = 81 - 73. What is the remainder when 23 is divided by y?
7
Let y be 4/10 + 297/(-55). Let b = 19 + y. Let a(m) = 2*m**3 - 6*m**2 + 6*m - 3. Calculate the remainder when a(4) is divided by b.
11
Suppose 4*y = 141 - 113. Calculate the remainder when 9 is divided by y.
2
Suppose 17*s + 305 = 22*s. Calculate the remainder when s is divided by 16.
13
Suppose -2*s - 181 = -3*s. What is the remainder when s is divided by 23?
20
Suppose 3*r = -4*r + 294. What is the remainder when r is divided by 8?
2
Suppose -3 = -0*a + a. Let u = 4 + a. What is the remainder when 2 is divided by (-1 - (u - 3))*1?
0
Suppose -11 = 3*z + 1, 2*n - 16 = 3*z. Suppose -r = -q - 48, -n*q - q = 4*r - 206. What is the remainder when r is divided by 2*(51/(-2))/(-3)?
16
What is the remainder when 60 is divided by ((-18)/(-15))/((-13)/15 - -1)?
6
Suppose 18 = -2*q + 5*q + 2*m, 4*q - 2*m - 38 = 0. Calculate the remainder when 29 is divided by q.
5
Suppose 0*i - 5*i = 5. Let c = 1 - i. Suppose 0 = -c*m + 3*v + 33, -87 = -4*m - 0*v - v. What is the remainder when 62 is divided by m?
20
Let i = 52 - 49. Let s = -4 - -16. Calculate the remainder when s is divided by i.
0
Suppose 0 = -x + 4, 3*v = -2*v + 2*x + 62. Suppose p = -3*p + 104. What is the remainder when p is divided by v?
12
Suppose 0 = 3*k - 2*l - 34, -2*k + 6*l + 41 = l. Let c = k + 2. What is the remainder when 14 is divided by 6/4*c/3?
4
Suppose -q - 2*q - 96 = 0. Let w = -2 - q. Suppose -80 = 2*s - 7*s. Calculate the remainder when w is divided by s.
14
Let n(p) = p**3 + 18*p**2 + 17*p + 21. Let d be n(-17). Suppose d*g - 18 = 18*g. Calculate the remainder when 15 is divided by g.
3
Let y = -35 - -80. What is the remainder when y is divided by -16 + 19 - (-14)/(-4)*-6?
21
Suppose -9 = 3*t, -4*s + s + 2*t + 21 = 0. What is the remainder when 27 is divided by s?
2
Let t = 122 + -85. Calculate the remainder when t is divided by 15.
7
Calculate the remainder when 89 is divided by ((-10)/35 - (-46)/14) + 22.
14
Let k(p) = 7*p**2 - p + 4. Let i be k(-3). What is the remainder when 55 is divided by (-6)/14 - (-1990)/i?
27
What is the remainder when 34 is divided by 1*11 + (-11 - (-13 + 6))?
6
Suppose -4 = l - 19. Let u = 6 - -21. What is the remainder when u is divided by l?
12
Suppose -2*k = 2*g - 18, 3*g - 3*k + 4*k = 29. Calculate the remainder when 27 is divided by g.
7
Suppose 0 = -5*r - l + 55, 2*l - 2 = -12. Suppose -r + 0 = -3*g. Suppose g*d + i - 87 = 0, -96 = -5*d + 2*i + i. What is the remainder when d is divided by 11?
10
Suppose 0 = 3*w + 3*m - 60, 3*m + 0*m = -2*w + 44. Calculate the remainder when 45 is divided by w.
13
Suppose 7*v = 10*v - 36. What is the remainder when 83 is divided by v?
11
Let l(a) = 16*a**2 - 2. Let d be l(-2). Let y = d + -27. What is the remainder when 1340/y + 4/(-14) is divided by 13?
12
Let u(x) = -x + 42. Calculate the remainder when 35 is divided by u(24).
17
Let s(p) = -p**3 + p**2 + 2*p - 1. Let u = 2 + -4. What is the remainder when 19 is divided by s(u)?
5
Suppose -3*u + 40 = -5*u. Let x = -11 - u. Suppose 6*j - j - 132 = -2*h, 4*h + 100 = 4*j. Calculate the remainder when j is divided by x.
8
Suppose 2*j + 5 = -2*j - z, 0 = -3*j - 5*z - 8. Let i(x) = x + 18. Calculate the remainder when -2*(-22)/4 - j is divided by i(-11).
5
Let r = 12 - 6. Suppose 0 = 2*i - r - 4. What is the remainder when 14 is divided by i?
4
Let b = 36 + -29. Let v(n) = -n**3 + n**2 + 2*n + 1. Calculate the remainder when v(-3) is divided by b.
3
Let d(h) = 20*h**2 + 1. What is the